= -8, -5*s = g + 7. What is the tens digit of (s - -4) + 248 + 1 + -1?
5
Suppose 0 = 219*u - 222*u - 3*x + 30711, -u + 10243 = 4*x. What is the tens digit of u?
3
Let z = -454 - -118. Let j be ((-57)/6)/(4/z). Suppose 36 = -6*s + j. What is the units digit of s?
7
Suppose -13*q - 52969 = -172907. What is the tens digit of q?
2
Let a(c) = 65*c**2 + 84*c - 860. What is the units digit of a(10)?
0
Let x(z) be the first derivative of 2*z**3 + 21*z**2 - 101*z - 331. What is the tens digit of x(9)?
6
Suppose 0 = 12*n - 308 - 2308. Suppose -16 = -4*v, -2*t - 2*v = -t + 75. Let y = t + n. What is the units digit of y?
5
Let q(y) = -10*y + 18*y + 8 - 9*y. Let t be q(14). What is the units digit of (-305)/(-2) - t/(-12)?
2
Let t = -17522 - -58397. What is the ten thousands digit of t?
4
Let m = -11821 + 26436. What is the tens digit of m?
1
Let u be (-2)/9 + 318915/81 + -7. Suppose 4*q + 2*f = 3170, 5*q - 5*f + f - u = 0. What is the tens digit of q?
9
Let i = 7 + -12. Let t(z) = z**2 + 84*z - 442. Let u be t(5). What is the tens digit of 21*i/(-30)*30/u?
3
Let b be -2*2/(-4)*(-2 - 39). Let d = b + 46. Suppose -u = 5*w - 2*u - 545, -u = -d. What is the hundreds digit of w?
1
Let w = -516 - -519. Suppose 2*l - 6 = 0, 5*l = w*p - 0*l - 2970. What is the units digit of p?
5
Let x(r) = 25 + 44*r + 16 + 74*r - 45. Let q(w) = -w + 4. Let t be q(3). What is the tens digit of x(t)?
1
Suppose 0 = 19*x - 17*x + 8. Let t(b) be the second derivative of b**4/6 - 5*b**3/6 + b**2/2 - 5*b. What is the units digit of t(x)?
3
Suppose 3*d = -3*d - 90. Let p be -1 - 4/((-20)/d). What is the units digit of 74*2/4 - p?
1
Suppose 753600 = 29*s + 46*s. What is the hundreds digit of s?
0
Let z be 15/3 + -4 + (-1)/(-1). Let o(i) = -4*i + 11. Let m be o(z). Suppose 158 = b + m*f, -5*b + 0*f + 3*f + 700 = 0. What is the hundreds digit of b?
1
Let p = 2030 + -309. What is the units digit of p?
1
Let m = 94 + 107. Suppose -170 = -n + a, -n - 4*a = -m + 41. What is the units digit of (n/10)/(3/10)?
6
Suppose -s = i + 1, 2*s + 5*i - 10 + 3 = 0. What is the tens digit of ((-36)/s - 10) + (-1 - -325)?
2
What is the hundreds digit of ((-9 - -109378) + (-3)/(-1))*3/12?
3
What is the hundreds digit of 0 + ((-21)/84 - 99869/(-4))?
9
Let i be (216/6)/3 - 3. What is the hundreds digit of i/(2 + (-114)/58)?
2
Suppose -3*j + 13 = o + o, -4*o - 37 = -3*j. Suppose -j*h - 105 = -8*h. Suppose -2*r = r - h. What is the tens digit of r?
3
Let j(i) = 12*i**2 - 27*i + 121. What is the units digit of j(30)?
1
Let q(d) = -d + 6. Let y be q(4). Let r be (-2 + 0)*11 - y/(-2). Let t = r - -120. What is the units digit of t?
9
Let h(z) = z**3 + 7*z**2 - 6*z + 20. Let y be h(-8). What is the tens digit of y*(4/12)/((-4)/(-3270))?
9
Suppose -v + 4*z + 10650 = 0, -2608*v + 31957 = -2605*v - 5*z. What is the tens digit of v?
5
Let q(f) = -4*f**2 - 2*f - 2. Let d(h) = -2*h**2 + 14*h + 15. Let w be d(8). Let v be q(w). What is the tens digit of 45 + 1/(v + 5)?
4
Suppose 0 = -385*z + 307*z + 2775006. What is the units digit of z?
7
Suppose 7*n = 4 + 10. Suppose -625 = -2*s - q, 583 = -5*s - n*q + 2147. What is the units digit of s?
4
Suppose 4*q + 71 = -21. Let v = q + 25. Suppose 4*p + 12 = 0, p = l + 2*p + v. What is the units digit of l?
1
Let v be 17 - 9*(8/(-3) - -3). Let o be (-28)/98 - 850/v. Let y = 197 + o. What is the units digit of y?
6
Let j be 2/(-3) - (-1352)/12. Let q = 210 - j. What is the units digit of q?
8
Suppose -2*c - 19899 = -3*m + 2*c, 19908 = 3*m - c. What is the hundreds digit of m?
6
What is the thousands digit of 88802*((-420)/(-40) - 10)?
4
Suppose 0 = -3*f + 97085 - 47503 + 149324. What is the units digit of f?
2
Let b = -154 - -155. What is the units digit of 164/4 - (b - 6)?
6
Let c(k) be the third derivative of k**4/6 - 17*k**3/2 - 72*k**2. What is the tens digit of c(21)?
3
Let i = -9 - -16. Let g(l) = -i + 18*l - 7 + 10. What is the tens digit of g(2)?
3
What is the units digit of 9*1621/45*(-15)/(-3)?
1
What is the thousands digit of 7074275/(-130)*(2 - (-28)/(-10))?
3
Let q(u) = -5*u**3 + 68*u**2 + 114*u - 79. Let a(y) = -y**3 + 17*y**2 + 29*y - 20. Let f(x) = 9*a(x) - 2*q(x). What is the units digit of f(-14)?
4
Let s(j) = -j - 28. Let u be s(0). Let h = u - -93. Let l = h - 39. What is the units digit of l?
6
Let s(h) = 64*h**3 + 4*h**2 - 5*h + 10. Let f be s(3). Suppose 5*b - f - 636 = 0. What is the units digit of b?
9
Let o be (0 - -36)*(0 + (-2)/(-6)). Suppose o*p - 330 = 954. What is the tens digit of p?
0
Let x(a) = -a**3 + 30*a**2 - 45*a - 65. Let n be x(28). Let h = -51 + n. What is the hundreds digit of h?
1
Suppose -1555 + 7367 = 3*d - 5*n, -5*d - 3*n + 9664 = 0. What is the hundreds digit of d?
9
Suppose -5*g + 1339 = 3*s, 7*s - 4*s = 9. Let b be 40/6 - 656/246. Suppose -b*a + g + 101 = 5*m, -9 = -3*a. What is the units digit of m?
1
Suppose -4*j + 5*q + 3 = 90, 2*q - 78 = 4*j. Let s = -18 - j. Let d(a) = -a**3 - 2*a**2 + a + 131. What is the units digit of d(s)?
1
Let p = 62367 - 42981. What is the thousands digit of p?
9
Let m(h) = h**2 - 40*h - 44. Let f be m(33). Let l = -112 - f. What is the hundreds digit of l?
1
Let p(b) = 123*b**3 - 3*b**2 + 3*b - 2. Let m be p(1). Suppose -m*j + 1085 = -120*j. Suppose 0 = 6*f - j - 55. What is the hundreds digit of f?
1
Suppose 2*o = -l + 4*o + 8, -21 = -3*l + 5*o. Suppose l*u = 3*b + 316, -u + 2*b + 57 = -103. Suppose -13*h + 620 = u. What is the units digit of h?
6
Suppose 16677 = 4*p - 5*q - 31257, 35945 = 3*p - q. What is the ten thousands digit of p?
1
Suppose 3*t + 433 = 4*t. Suppose -815 = 4*d + t. Let w = -100 - d. What is the units digit of w?
2
Suppose 2*c = -2*m + 6*c + 30, 0 = -2*c - 10. Let f be 2483/m + 6/(-10). Suppose 5*l = 5*o - 264 - 216, -5*o - 3*l + f = 0. What is the tens digit of o?
9
Let d be -377 + (-1 + 0 - (5 - 5)). Let q = d - -787. What is the tens digit of q?
0
What is the units digit of 3955 - (10/(-10) - 8)?
4
Let g(r) = -r**2 - 14*r - 6. Let j be g(-13). Suppose -j*b - 635 = -2028. What is the hundreds digit of b?
1
Let a = -31169 + 47668. What is the units digit of a?
9
Let n be -1 - (-3 + 2) - -125. Let r = 17 - 11. Let m = r + n. What is the units digit of m?
1
Let d = 11292 - 1195. What is the thousands digit of d?
0
Suppose 2*l - 3*v - 22801 - 8290 = 0, -45 = -5*v. What is the thousands digit of l?
5
Let t be ((-187)/(-44))/(2/8). Suppose -m + 5*v + t = -2*m, 0 = 5*m + 3*v + 41. What is the units digit of (-915)/(-7) - 2/m?
1
Let r be (-5 - (-3 - 11)) + -6. What is the units digit of (2/r)/((-6)/(-4077))?
3
Let m(j) = -2107*j + 720. What is the units digit of m(-3)?
1
Let c(f) = -10*f**3 + 9*f + 17. Let l be (1 - -1)*(-79 - -77). What is the tens digit of c(l)?
2
Let t(w) = 10257*w + 4859. What is the units digit of t(6)?
1
Suppose 1241283 = 41*n - 109462. What is the ten thousands digit of n?
3
Let n(o) = -7 + 0 + 0 - 19*o - 4. Let l be n(-6). Let c = l - 38. What is the tens digit of c?
6
Let r(y) be the second derivative of -15/2*y**2 + 7/6*y**3 + 10*y + 0. What is the tens digit of r(9)?
4
Suppose 0*z + z - 26 = 5*c, -4*c = z - 17. Let o(m) = -3 + m + 30 - 13 + 29. What is the units digit of o(z)?
4
Let o(n) = 7*n**3 + 2*n**2 - n. Let x = -386 + 390. What is the tens digit of o(x)?
7
Suppose 11 - 25 = -7*u. Let q(d) = d**u + 4 + 2*d**2 + 26*d + 0*d**2 - 4*d**2. What is the tens digit of q(13)?
7
Let j = 79 + -37. Suppose 78 - j = -b. Let n = -33 - b. What is the units digit of n?
3
Let v(l) = 834*l - 5136. What is the tens digit of v(56)?
6
Let n(p) = -p**3 + 3*p**2 + p - 6. Let s be n(6). Let a = 97 + s. What is the hundreds digit of (0 - 1)*(15 - 4)*a?
1
Suppose 0 = 3*n + 44*n - 311234. What is the hundreds digit of n?
6
Let d(f) = 12*f + 34 - 1 + 0*f + 7*f**2 - 17. What is the tens digit of d(6)?
4
Suppose 3*q + 5*u - 19461 = -q, 4*u + 12 = 0. Suppose -58*x + 6496 = 4*a - 61*x, 3*a - q = 3*x. What is the thousands digit of a?
1
Suppose 4*x = -3*w + 371, -5*w - 3*x = 14 - 614. Let j(t) = 3*t**2 - 3*t - 1. Let i be j(5). Suppose -p - i = -w. What is the units digit of p?
8
Suppose -6*m = -0*m + 12. What is the tens digit of (-9 - 1865)/(m + -2 + 3)?
7
Let t = -2935 + 18363. What is the ten thousands digit of t?
1
Let t be ((-3 - -363)/4)/1. Let f be 108/t*(-10)/(-4). Suppose -6